{"id":40,"date":"2025-08-27T15:40:26","date_gmt":"2025-08-27T15:40:26","guid":{"rendered":"https:\/\/draftproject.archi\/?page_id=40"},"modified":"2025-11-12T14:25:54","modified_gmt":"2025-11-12T14:25:54","slug":"a-propos","status":"publish","type":"page","link":"https:\/\/draftproject.archi\/index.php\/a-propos\/","title":{"rendered":"\u00c0 Propos"},"content":{"rendered":"<style>.kadence-column40_71f285-19 > .kt-inside-inner-col{display:flex;}.kadence-column40_71f285-19 > .kt-inside-inner-col,.kadence-column40_71f285-19 > .kt-inside-inner-col:before{border-top-left-radius:0px;border-top-right-radius:0px;border-bottom-right-radius:0px;border-bottom-left-radius:0px;}.kadence-column40_71f285-19 > .kt-inside-inner-col{column-gap:var(--global-kb-gap-sm, 1rem);}.kadence-column40_71f285-19 > .kt-inside-inner-col{flex-direction:column;justify-content:center;}.kadence-column40_71f285-19 > .kt-inside-inner-col > .aligncenter{width:100%;}.kt-row-column-wrap > .kadence-column40_71f285-19{align-self:center;}.kt-inner-column-height-full:not(.kt-has-1-columns) > .wp-block-kadence-column.kadence-column40_71f285-19{align-self:auto;}.kt-inner-column-height-full:not(.kt-has-1-columns) > .wp-block-kadence-column.kadence-column40_71f285-19 > .kt-inside-inner-col{flex-direction:column;justify-content:center;}.kadence-column40_71f285-19 > .kt-inside-inner-col:before{opacity:0.3;}.kadence-column40_71f285-19{position:relative;}@media all and (max-width: 1024px){.kt-row-column-wrap > .kadence-column40_71f285-19{align-self:center;}}@media all and (max-width: 1024px){.kt-inner-column-height-full:not(.kt-has-1-columns) > .wp-block-kadence-column.kadence-column40_71f285-19{align-self:auto;}}@media all and (max-width: 1024px){.kt-inner-column-height-full:not(.kt-has-1-columns) > .wp-block-kadence-column.kadence-column40_71f285-19 > .kt-inside-inner-col{flex-direction:column;justify-content:center;}}@media all and (max-width: 1024px){.kadence-column40_71f285-19 > .kt-inside-inner-col{flex-direction:column;justify-content:center;align-items:center;}}@media all and (max-width: 1024px){.kadence-column40_71f285-19, .kt-inside-inner-col > .kadence-column40_71f285-19:not(.specificity){margin-top:70px;margin-right:0px;margin-bottom:0px;margin-left:0px;}}@media all and (max-width: 767px){.kadence-column40_71f285-19 > .kt-inside-inner-col{padding-top:0px;padding-right:0px;padding-bottom:0px;padding-left:0px;flex-direction:column;justify-content:center;align-items:center;}.kt-row-column-wrap > .kadence-column40_71f285-19{align-self:center;}.kt-inner-column-height-full:not(.kt-has-1-columns) > .wp-block-kadence-column.kadence-column40_71f285-19{align-self:auto;}.kt-inner-column-height-full:not(.kt-has-1-columns) > .wp-block-kadence-column.kadence-column40_71f285-19 > .kt-inside-inner-col{flex-direction:column;justify-content:center;}.kadence-column40_71f285-19, .kt-inside-inner-col > .kadence-column40_71f285-19:not(.specificity){margin-bottom:-80px;}}<\/style>\n<div class=\"wp-block-kadence-column kadence-column40_71f285-19 kb-section-dir-vertical inner-column-2\"><div class=\"kt-inside-inner-col\"><\/div><\/div>\n\n\n<style>.kb-row-layout-id40_dddc77-b3 > .kt-row-column-wrap{align-content:center;}:where(.kb-row-layout-id40_dddc77-b3 > .kt-row-column-wrap) > .wp-block-kadence-column{justify-content:center;}.kb-row-layout-id40_dddc77-b3 > .kt-row-column-wrap{column-gap:var(--global-kb-gap-none, 0rem );row-gap:var(--global-kb-gap-none, 0rem );max-width:1140px;margin-left:auto;margin-right:auto;padding-top:100px;padding-right:0px;padding-bottom:100px;padding-left:0px;grid-template-columns:repeat(2, minmax(0, 1fr));}.kb-row-layout-id40_dddc77-b3 > .kt-row-layout-overlay{opacity:0.04;}@media all and (max-width: 1024px){.kb-row-layout-id40_dddc77-b3 > .kt-row-column-wrap{max-width:700px;margin-left:auto;margin-right:auto;padding-top:80px;padding-right:0px;padding-bottom:80px;padding-left:0px;grid-template-columns:minmax(0, 1fr);}}@media all and (max-width: 767px){.kb-row-layout-id40_dddc77-b3 > .kt-row-column-wrap{padding-top:60px;padding-right:15px;padding-bottom:60px;padding-left:15px;grid-template-columns:minmax(0, 1fr);}}.kb-row-layout-id40_dddc77-b3 .contact-img-1 img{margin: -80px 0px -80px 0px;}<\/style><div class=\"kb-row-layout-wrap kb-row-layout-id40_dddc77-b3 alignfull has-theme-palette3-background-color kt-row-has-bg wp-block-kadence-rowlayout\"><div class=\"kt-row-column-wrap kt-has-2-columns kt-row-layout-equal kt-tab-layout-row kt-mobile-layout-row kt-row-valign-middle\">\n<style>.kadence-column40_ac8d95-94 > .kt-inside-inner-col{display:flex;}.kadence-column40_ac8d95-94 > .kt-inside-inner-col{padding-top:10px;padding-right:10px;padding-bottom:10px;padding-left:10px;}.kadence-column40_ac8d95-94 > .kt-inside-inner-col,.kadence-column40_ac8d95-94 > .kt-inside-inner-col:before{border-top-left-radius:0px;border-top-right-radius:0px;border-bottom-right-radius:0px;border-bottom-left-radius:0px;}.kadence-column40_ac8d95-94 > .kt-inside-inner-col{column-gap:var(--global-kb-gap-sm, 1rem);}.kadence-column40_ac8d95-94 > .kt-inside-inner-col{flex-direction:column;justify-content:flex-start;align-items:stretch;}.kadence-column40_ac8d95-94 > .kt-inside-inner-col > .kb-image-is-ratio-size{align-self:stretch;}.kadence-column40_ac8d95-94 > .kt-inside-inner-col > .wp-block-kadence-advancedgallery{align-self:stretch;}.kadence-column40_ac8d95-94 > .kt-inside-inner-col > .aligncenter{width:100%;}.kt-row-column-wrap > .kadence-column40_ac8d95-94{align-self:flex-start;}.kt-inner-column-height-full:not(.kt-has-1-columns) > .wp-block-kadence-column.kadence-column40_ac8d95-94{align-self:auto;}.kt-inner-column-height-full:not(.kt-has-1-columns) > .wp-block-kadence-column.kadence-column40_ac8d95-94 > .kt-inside-inner-col{flex-direction:column;justify-content:flex-start;}.kadence-column40_ac8d95-94 > .kt-inside-inner-col{background-color:var(--global-palette3, #1A202C);}.kadence-column40_ac8d95-94 > .kt-inside-inner-col:before{opacity:0.3;}.kadence-column40_ac8d95-94{text-align:left;}.kadence-column40_ac8d95-94{position:relative;}.kadence-column40_ac8d95-94, .kt-inside-inner-col > .kadence-column40_ac8d95-94:not(.specificity){margin-top:0px;margin-right:120px;margin-bottom:0px;margin-left:0px;}@media all and (max-width: 1024px){.kt-row-column-wrap > .kadence-column40_ac8d95-94{align-self:flex-start;}}@media all and (max-width: 1024px){.kt-inner-column-height-full:not(.kt-has-1-columns) > .wp-block-kadence-column.kadence-column40_ac8d95-94{align-self:auto;}}@media all and (max-width: 1024px){.kt-inner-column-height-full:not(.kt-has-1-columns) > .wp-block-kadence-column.kadence-column40_ac8d95-94 > .kt-inside-inner-col{flex-direction:column;justify-content:flex-start;}}@media all and (max-width: 1024px){.kadence-column40_ac8d95-94 > .kt-inside-inner-col{flex-direction:column;justify-content:flex-start;align-items:stretch;}}@media all and (max-width: 1024px){.kadence-column40_ac8d95-94, .kt-inside-inner-col > .kadence-column40_ac8d95-94:not(.specificity){margin-top:0px;margin-right:0px;margin-bottom:0px;margin-left:0px;}}@media all and (max-width: 767px){.kadence-column40_ac8d95-94 > .kt-inside-inner-col{padding-top:0px;padding-right:0px;padding-bottom:0px;padding-left:0px;flex-direction:column;justify-content:flex-start;align-items:stretch;}.kt-row-column-wrap > .kadence-column40_ac8d95-94{align-self:flex-start;}.kt-inner-column-height-full:not(.kt-has-1-columns) > .wp-block-kadence-column.kadence-column40_ac8d95-94{align-self:auto;}.kt-inner-column-height-full:not(.kt-has-1-columns) > .wp-block-kadence-column.kadence-column40_ac8d95-94 > .kt-inside-inner-col{flex-direction:column;justify-content:flex-start;}}<\/style>\n<div class=\"wp-block-kadence-column kadence-column40_ac8d95-94 inner-column-1\"><div class=\"kt-inside-inner-col\"><style>.wp-block-kadence-advancedheading.kt-adv-heading40_4a5e46-ca, .wp-block-kadence-advancedheading.kt-adv-heading40_4a5e46-ca[data-kb-block=\"kb-adv-heading40_4a5e46-ca\"]{margin-top:0px;margin-right:0px;margin-bottom:38px;margin-left:0px;line-height:1.3em;font-weight:400;font-style:normal;font-family:'Open Sans';}.wp-block-kadence-advancedheading.kt-adv-heading40_4a5e46-ca mark.kt-highlight, .wp-block-kadence-advancedheading.kt-adv-heading40_4a5e46-ca[data-kb-block=\"kb-adv-heading40_4a5e46-ca\"] mark.kt-highlight{font-style:normal;color:#f76a0c;-webkit-box-decoration-break:clone;box-decoration-break:clone;padding-top:0px;padding-right:0px;padding-bottom:0px;padding-left:0px;}.wp-block-kadence-advancedheading.kt-adv-heading40_4a5e46-ca img.kb-inline-image, .wp-block-kadence-advancedheading.kt-adv-heading40_4a5e46-ca[data-kb-block=\"kb-adv-heading40_4a5e46-ca\"] img.kb-inline-image{width:150px;vertical-align:baseline;}@media all and (max-width: 1024px){.wp-block-kadence-advancedheading.kt-adv-heading40_4a5e46-ca, .wp-block-kadence-advancedheading.kt-adv-heading40_4a5e46-ca[data-kb-block=\"kb-adv-heading40_4a5e46-ca\"]{text-align:center!important;}}<\/style>\n<p class=\"kt-adv-heading40_4a5e46-ca wp-block-kadence-advancedheading has-theme-palette-9-color has-text-color\" data-kb-block=\"kb-adv-heading40_4a5e46-ca\">Draft &amp; Project Architectures est une soci\u00e9t\u00e9 cr\u00e9\u00e9e en 2008 par Fran\u00e7ois Guilmot-Culliford et Ada Orban.<\/p>\n\n\n<style>.wp-block-kadence-advancedheading.kt-adv-heading40_825078-bb, .wp-block-kadence-advancedheading.kt-adv-heading40_825078-bb[data-kb-block=\"kb-adv-heading40_825078-bb\"]{margin-top:0px;margin-right:0px;margin-bottom:20px;margin-left:0px;font-weight:400;font-style:normal;font-family:'Open Sans';}.wp-block-kadence-advancedheading.kt-adv-heading40_825078-bb mark.kt-highlight, .wp-block-kadence-advancedheading.kt-adv-heading40_825078-bb[data-kb-block=\"kb-adv-heading40_825078-bb\"] mark.kt-highlight{font-style:normal;color:#f76a0c;-webkit-box-decoration-break:clone;box-decoration-break:clone;padding-top:0px;padding-right:0px;padding-bottom:0px;padding-left:0px;}.wp-block-kadence-advancedheading.kt-adv-heading40_825078-bb img.kb-inline-image, .wp-block-kadence-advancedheading.kt-adv-heading40_825078-bb[data-kb-block=\"kb-adv-heading40_825078-bb\"] img.kb-inline-image{width:150px;vertical-align:baseline;}@media all and (max-width: 1024px){.wp-block-kadence-advancedheading.kt-adv-heading40_825078-bb, .wp-block-kadence-advancedheading.kt-adv-heading40_825078-bb[data-kb-block=\"kb-adv-heading40_825078-bb\"]{text-align:center!important;}}<\/style>\n<p class=\"kt-adv-heading40_825078-bb wp-block-kadence-advancedheading has-theme-palette-9-color has-text-color\" data-kb-block=\"kb-adv-heading40_825078-bb\">Notre nom reprend \u201cDRAFT\u201d qui repr\u00e9sente la phase pr\u00e9liminaire de l\u2019\u00e9tude sous forme de croquis et \u201cPROJECT\u201d qui repr\u00e9sente la mise au point jusqu\u2019au dernier d\u00e9tail du projet.<br>Draft &amp; Project Architectures cr\u00e9e donc le lien entre la conception personnalis\u00e9e sous formes d\u2019esquisses cr\u00e9atives et rapides, et le d\u00e9veloppement technique pr\u00e9cis et rigoureux.&nbsp;<\/p>\n\n\n<style>.wp-block-kadence-advancedheading.kt-adv-heading40_714a5a-cb, .wp-block-kadence-advancedheading.kt-adv-heading40_714a5a-cb[data-kb-block=\"kb-adv-heading40_714a5a-cb\"]{font-weight:400;font-style:normal;font-family:'Open Sans';}.wp-block-kadence-advancedheading.kt-adv-heading40_714a5a-cb mark.kt-highlight, .wp-block-kadence-advancedheading.kt-adv-heading40_714a5a-cb[data-kb-block=\"kb-adv-heading40_714a5a-cb\"] mark.kt-highlight{font-style:normal;color:#f76a0c;-webkit-box-decoration-break:clone;box-decoration-break:clone;padding-top:0px;padding-right:0px;padding-bottom:0px;padding-left:0px;}.wp-block-kadence-advancedheading.kt-adv-heading40_714a5a-cb img.kb-inline-image, .wp-block-kadence-advancedheading.kt-adv-heading40_714a5a-cb[data-kb-block=\"kb-adv-heading40_714a5a-cb\"] img.kb-inline-image{width:150px;vertical-align:baseline;}<\/style>\n<p class=\"kt-adv-heading40_714a5a-cb wp-block-kadence-advancedheading has-theme-palette-9-color has-text-color\" data-kb-block=\"kb-adv-heading40_714a5a-cb\">Nous produisons des id\u00e9es sous forme d\u2019esquisses r\u00e9alis\u00e9es rapidement avec le savoir faire artistique qui sort de nos coups de crayons personnalis\u00e9s; et ensuite nous mettons ces id\u00e9es en connexion avec les techniques et les mises au point n\u00e9cessaires \u00e0 l\u2019aboutissement final du projet.<\/p>\n\n\n<style>.wp-block-kadence-advancedheading.kt-adv-heading40_34ec7c-9f, .wp-block-kadence-advancedheading.kt-adv-heading40_34ec7c-9f[data-kb-block=\"kb-adv-heading40_34ec7c-9f\"]{font-weight:400;font-style:normal;font-family:'Open Sans';}.wp-block-kadence-advancedheading.kt-adv-heading40_34ec7c-9f mark.kt-highlight, .wp-block-kadence-advancedheading.kt-adv-heading40_34ec7c-9f[data-kb-block=\"kb-adv-heading40_34ec7c-9f\"] mark.kt-highlight{font-style:normal;color:#f76a0c;-webkit-box-decoration-break:clone;box-decoration-break:clone;padding-top:0px;padding-right:0px;padding-bottom:0px;padding-left:0px;}.wp-block-kadence-advancedheading.kt-adv-heading40_34ec7c-9f img.kb-inline-image, .wp-block-kadence-advancedheading.kt-adv-heading40_34ec7c-9f[data-kb-block=\"kb-adv-heading40_34ec7c-9f\"] img.kb-inline-image{width:150px;vertical-align:baseline;}<\/style>\n<p class=\"kt-adv-heading40_34ec7c-9f wp-block-kadence-advancedheading has-theme-palette-9-color has-text-color\" data-kb-block=\"kb-adv-heading40_34ec7c-9f\"><em>Architectes associ\u00e9s<\/em> : <br>Ada Orban, Fran\u00e7ois Guilmot-Culliford<\/p>\n\n\n<style>.wp-block-kadence-advancedheading.kt-adv-heading40_f011b7-9b, .wp-block-kadence-advancedheading.kt-adv-heading40_f011b7-9b[data-kb-block=\"kb-adv-heading40_f011b7-9b\"]{font-weight:400;font-style:normal;font-family:'Open Sans';}.wp-block-kadence-advancedheading.kt-adv-heading40_f011b7-9b mark.kt-highlight, .wp-block-kadence-advancedheading.kt-adv-heading40_f011b7-9b[data-kb-block=\"kb-adv-heading40_f011b7-9b\"] mark.kt-highlight{font-style:normal;color:#f76a0c;-webkit-box-decoration-break:clone;box-decoration-break:clone;padding-top:0px;padding-right:0px;padding-bottom:0px;padding-left:0px;}.wp-block-kadence-advancedheading.kt-adv-heading40_f011b7-9b img.kb-inline-image, .wp-block-kadence-advancedheading.kt-adv-heading40_f011b7-9b[data-kb-block=\"kb-adv-heading40_f011b7-9b\"] img.kb-inline-image{width:150px;vertical-align:baseline;}<\/style>\n<p class=\"kt-adv-heading40_f011b7-9b wp-block-kadence-advancedheading has-theme-palette-9-color has-text-color\" data-kb-block=\"kb-adv-heading40_f011b7-9b\"><em>Membres de l&rsquo;ordre des architectes<\/em> : <br><a href=\"https:\/\/www.archionweb.be\/Public\/Company\/103\" target=\"_blank\" rel=\"noreferrer noopener\">https:\/\/www.archionweb.be\/Public\/Company\/103<\/a><\/p>\n\n\n<style>.wp-block-kadence-advancedheading.kt-adv-heading40_224f2c-a8, .wp-block-kadence-advancedheading.kt-adv-heading40_224f2c-a8[data-kb-block=\"kb-adv-heading40_224f2c-a8\"]{font-weight:400;font-style:normal;font-family:'Open Sans';}.wp-block-kadence-advancedheading.kt-adv-heading40_224f2c-a8 mark.kt-highlight, .wp-block-kadence-advancedheading.kt-adv-heading40_224f2c-a8[data-kb-block=\"kb-adv-heading40_224f2c-a8\"] mark.kt-highlight{font-style:normal;color:#f76a0c;-webkit-box-decoration-break:clone;box-decoration-break:clone;padding-top:0px;padding-right:0px;padding-bottom:0px;padding-left:0px;}.wp-block-kadence-advancedheading.kt-adv-heading40_224f2c-a8 img.kb-inline-image, .wp-block-kadence-advancedheading.kt-adv-heading40_224f2c-a8[data-kb-block=\"kb-adv-heading40_224f2c-a8\"] img.kb-inline-image{width:150px;vertical-align:baseline;}<\/style>\n<p class=\"kt-adv-heading40_224f2c-a8 wp-block-kadence-advancedheading\" data-kb-block=\"kb-adv-heading40_224f2c-a8\"><br><\/p>\n<\/div><\/div>\n\n\n<style>.kadence-column40_5184c0-d0 > .kt-inside-inner-col{padding-bottom:var(--global-kb-spacing-5xl, 10rem);}.kadence-column40_5184c0-d0 > .kt-inside-inner-col,.kadence-column40_5184c0-d0 > .kt-inside-inner-col:before{border-top-left-radius:0px;border-top-right-radius:0px;border-bottom-right-radius:0px;border-bottom-left-radius:0px;}.kadence-column40_5184c0-d0 > .kt-inside-inner-col{column-gap:var(--global-kb-gap-sm, 1rem);}.kadence-column40_5184c0-d0 > .kt-inside-inner-col{flex-direction:column;}.kadence-column40_5184c0-d0 > .kt-inside-inner-col > .aligncenter{width:100%;}.kadence-column40_5184c0-d0 > .kt-inside-inner-col:before{opacity:0.3;}.kadence-column40_5184c0-d0{position:relative;}@media all and (max-width: 1024px){.kadence-column40_5184c0-d0 > .kt-inside-inner-col{flex-direction:column;justify-content:center;}}@media all and (max-width: 767px){.kadence-column40_5184c0-d0 > .kt-inside-inner-col{flex-direction:column;justify-content:center;}}<\/style>\n<div class=\"wp-block-kadence-column kadence-column40_5184c0-d0\"><div class=\"kt-inside-inner-col\"><style>.kb-image40_5ffd3f-47.kb-image-is-ratio-size, .kb-image40_5ffd3f-47 .kb-image-is-ratio-size{max-width:1361px;width:100%;}.wp-block-kadence-column > .kt-inside-inner-col > .kb-image40_5ffd3f-47.kb-image-is-ratio-size, .wp-block-kadence-column > .kt-inside-inner-col > .kb-image40_5ffd3f-47 .kb-image-is-ratio-size{align-self:unset;}.kb-image40_5ffd3f-47{max-width:1361px;}.image-is-svg.kb-image40_5ffd3f-47{-webkit-flex:0 1 100%;flex:0 1 100%;}.image-is-svg.kb-image40_5ffd3f-47 img{width:100%;}.kb-image40_5ffd3f-47 .kb-image-has-overlay:after{opacity:0.3;border-top-left-radius:12px;border-top-right-radius:12px;border-bottom-right-radius:12px;border-bottom-left-radius:12px;}.kb-image40_5ffd3f-47 img.kb-img, .kb-image40_5ffd3f-47 .kb-img img{border-top-left-radius:12px;border-top-right-radius:12px;border-bottom-right-radius:12px;border-bottom-left-radius:12px;}<\/style>\n<figure class=\"wp-block-kadence-image kb-image40_5ffd3f-47 size-full\"><img loading=\"lazy\" decoding=\"async\" width=\"605\" height=\"326\" src=\"http:\/\/draftproject.archi\/wp-content\/uploads\/2025\/09\/Ada-et-Francois.png\" alt=\"\" class=\"kb-img wp-image-252\" srcset=\"https:\/\/draftproject.archi\/wp-content\/uploads\/2025\/09\/Ada-et-Francois.png 605w, https:\/\/draftproject.archi\/wp-content\/uploads\/2025\/09\/Ada-et-Francois-300x162.png 300w\" sizes=\"auto, (max-width: 605px) 100vw, 605px\" \/><\/figure>\n<\/div><\/div>\n\n<\/div><\/div>\n\n\n<p><\/p>\n","protected":false},"excerpt":{"rendered":"<p>Draft &amp; Project Architectures est une soci\u00e9t\u00e9 cr\u00e9\u00e9e en 2008 par Fran\u00e7ois Guilmot-Culliford et Ada Orban. Notre nom reprend \u201cDRAFT\u201d qui repr\u00e9sente la phase pr\u00e9liminaire de l\u2019\u00e9tude sous forme de croquis et \u201cPROJECT\u201d qui repr\u00e9sente la mise au point jusqu\u2019au dernier d\u00e9tail du projet.Draft &amp; Project Architectures cr\u00e9e donc le lien entre la conception personnalis\u00e9e&#8230;<\/p>\n","protected":false},"author":2,"featured_media":0,"parent":0,"menu_order":0,"comment_status":"closed","ping_status":"closed","template":"","meta":{"_kad_post_transparent":"disable","_kad_post_title":"hide","_kad_post_layout":"narrow","_kad_post_sidebar_id":"","_kad_post_content_style":"unboxed","_kad_post_vertical_padding":"hide","_kad_post_feature":"","_kad_post_feature_position":"","_kad_post_header":false,"_kad_post_footer":false,"_kad_post_classname":"","footnotes":""},"class_list":["post-40","page","type-page","status-publish","hentry"],"_links":{"self":[{"href":"https:\/\/draftproject.archi\/index.php\/wp-json\/wp\/v2\/pages\/40","targetHints":{"allow":["GET"]}}],"collection":[{"href":"https:\/\/draftproject.archi\/index.php\/wp-json\/wp\/v2\/pages"}],"about":[{"href":"https:\/\/draftproject.archi\/index.php\/wp-json\/wp\/v2\/types\/page"}],"author":[{"embeddable":true,"href":"https:\/\/draftproject.archi\/index.php\/wp-json\/wp\/v2\/users\/2"}],"replies":[{"embeddable":true,"href":"https:\/\/draftproject.archi\/index.php\/wp-json\/wp\/v2\/comments?post=40"}],"version-history":[{"count":28,"href":"https:\/\/draftproject.archi\/index.php\/wp-json\/wp\/v2\/pages\/40\/revisions"}],"predecessor-version":[{"id":896,"href":"https:\/\/draftproject.archi\/index.php\/wp-json\/wp\/v2\/pages\/40\/revisions\/896"}],"wp:attachment":[{"href":"https:\/\/draftproject.archi\/index.php\/wp-json\/wp\/v2\/media?parent=40"}],"curies":[{"name":"wp","href":"https:\/\/api.w.org\/{rel}","templated":true}]}}